{"id":1487,"date":"2022-02-18T18:16:24","date_gmt":"2022-02-18T18:16:24","guid":{"rendered":"https:\/\/casadartistes.esfarcultural.net\/?page_id=1487"},"modified":"2025-05-05T09:44:31","modified_gmt":"2025-05-05T09:44:31","slug":"ii-jornades-de-performance","status":"publish","type":"page","link":"https:\/\/casadartistes.esfarcultural.net\/es\/ii-jornades-de-performance","title":{"rendered":"II JORNADES DE PERFORMANCE"},"content":{"rendered":"<div class=\"wpb-content-wrapper\"><p>[vc_row row_type=\u00bbrow\u00bb use_row_as_full_screen_section=\u00bbno\u00bb type=\u00bbfull_width\u00bb text_align=\u00bbleft\u00bb background_animation=\u00bbnone\u00bb css_animation=\u00bb\u00bb][vc_column][vc_empty_space height=\u00bb20px\u00bb][vc_column_text css=\u00bb\u00bb]<\/p>\n<h2 style=\"text-align: center;\"><strong>II JORNADAS DE PERFORMANCE<br \/>\n<\/strong><\/h2>\n<p>[\/vc_column_text][vc_empty_space height=\u00bb30&#8243;][\/vc_column][\/vc_row][vc_row row_type=\u00bbrow\u00bb use_row_as_full_screen_section=\u00bbno\u00bb type=\u00bbfull_width\u00bb text_align=\u00bbleft\u00bb background_animation=\u00bbnone\u00bb css_animation=\u00bb\u00bb][vc_column][vc_video link=\u00bbhttps:\/\/www.youtube.com\/watch?v=ASYS74i_xX0&#8243; css=\u00bb\u00bb][vc_empty_space height=\u00bb30&#8243;][vc_column_text css=\u00bb\u00bb]<\/p>\n<p style=\"text-align: justify;\">Segundas jornadas de performance realizadas en el Recinto Ferial des Mercadal el marzo del 2022. Taller pr\u00e1ctico de performance o arte de acci\u00f3n a partir y desde la corporeidad. Con el acompa\u00f1amiento de Marina Barsy Janer x Isil Sol Vil.<\/p>\n<p>[\/vc_column_text][\/vc_column][\/vc_row][vc_row row_type=\u00bbrow\u00bb use_row_as_full_screen_section=\u00bbno\u00bb type=\u00bbfull_width\u00bb text_align=\u00bbleft\u00bb background_animation=\u00bbnone\u00bb css_animation=\u00bb\u00bb][vc_column][vc_empty_space][vc_separator type=\u00bbnormal\u00bb border_style=\u00bb\u00bb][vc_empty_space][\/vc_column][\/vc_row]<\/p>\n<\/div>","protected":false},"excerpt":{"rendered":"<p>[vc_row row_type=\u00bbrow\u00bb use_row_as_full_screen_section=\u00bbno\u00bb type=\u00bbfull_width\u00bb text_align=\u00bbleft\u00bb background_animation=\u00bbnone\u00bb css_animation=\u00bb\u00bb][vc_column][vc_empty_space height=\u00bb20px\u00bb][vc_column_text css=\u00bb\u00bb] II JORNADAS DE PERFORMANCE [\/vc_column_text][vc_empty_space height=\u00bb30&#8243;][\/vc_column][\/vc_row][vc_row row_type=\u00bbrow\u00bb use_row_as_full_screen_section=\u00bbno\u00bb type=\u00bbfull_width\u00bb text_align=\u00bbleft\u00bb background_animation=\u00bbnone\u00bb css_animation=\u00bb\u00bb][vc_column][vc_video link=\u00bbhttps:\/\/www.youtube.com\/watch?v=ASYS74i_xX0&#8243; css=\u00bb\u00bb][vc_empty_space height=\u00bb30&#8243;][vc_column_text css=\u00bb\u00bb] Segundas jornadas de performance realizadas en el Recinto Ferial des Mercadal el marzo del 2022. Taller pr\u00e1ctico de performance o&#8230;<\/p>\n","protected":false},"author":1,"featured_media":0,"parent":0,"menu_order":0,"comment_status":"closed","ping_status":"closed","template":"","meta":{"footnotes":""},"class_list":["post-1487","page","type-page","status-publish","hentry"],"_links":{"self":[{"href":"https:\/\/casadartistes.esfarcultural.net\/es\/wp-json\/wp\/v2\/pages\/1487","targetHints":{"allow":["GET"]}}],"collection":[{"href":"https:\/\/casadartistes.esfarcultural.net\/es\/wp-json\/wp\/v2\/pages"}],"about":[{"href":"https:\/\/casadartistes.esfarcultural.net\/es\/wp-json\/wp\/v2\/types\/page"}],"author":[{"embeddable":true,"href":"https:\/\/casadartistes.esfarcultural.net\/es\/wp-json\/wp\/v2\/users\/1"}],"replies":[{"embeddable":true,"href":"https:\/\/casadartistes.esfarcultural.net\/es\/wp-json\/wp\/v2\/comments?post=1487"}],"version-history":[{"count":29,"href":"https:\/\/casadartistes.esfarcultural.net\/es\/wp-json\/wp\/v2\/pages\/1487\/revisions"}],"predecessor-version":[{"id":3517,"href":"https:\/\/casadartistes.esfarcultural.net\/es\/wp-json\/wp\/v2\/pages\/1487\/revisions\/3517"}],"wp:attachment":[{"href":"https:\/\/casadartistes.esfarcultural.net\/es\/wp-json\/wp\/v2\/media?parent=1487"}],"curies":[{"name":"wp","href":"https:\/\/api.w.org\/{rel}","templated":true}]}}

<div class="wpb-content-wrapper"><p>[vc_row row_type=»row» use_row_as_full_screen_section=»no» type=»full_width» text_align=»left» background_animation=»none» css_animation=»»][vc_column][vc_empty_space height=»20px»][vc_column_text css=»»]</p>
<h2 style="text-align: center;"><strong>II JORNADAS DE PERFORMANCE<br />
</strong></h2>
<p>[/vc_column_text][vc_empty_space height=»30&#8243;][/vc_column][/vc_row][vc_row row_type=»row» use_row_as_full_screen_section=»no» type=»full_width» text_align=»left» background_animation=»none» css_animation=»»][vc_column][vc_video link=»https://www.youtube.com/watch?v=ASYS74i_xX0&#8243; css=»»][vc_empty_space height=»30&#8243;][vc_column_text css=»»]</p>
<p style="text-align: justify;">Segundas jornadas de performance realizadas en el Recinto Ferial des Mercadal el marzo del 2022. Taller práctico de performance o arte de acción a partir y desde la corporeidad. Con el acompañamiento de Marina Barsy Janer x Isil Sol Vil.</p>
<p>[/vc_column_text][/vc_column][/vc_row][vc_row row_type=»row» use_row_as_full_screen_section=»no» type=»full_width» text_align=»left» background_animation=»none» css_animation=»»][vc_column][vc_empty_space][vc_separator type=»normal» border_style=»»][vc_empty_space][/vc_column][/vc_row]</p>
</div>

<p>[vc_row row_type=»row» use_row_as_full_screen_section=»no» type=»full_width» text_align=»left» background_animation=»none» css_animation=»»][vc_column][vc_empty_space height=»20px»][vc_column_text css=»»] II JORNADAS DE PERFORMANCE [/vc_column_text][vc_empty_space height=»30&#8243;][/vc_column][/vc_row][vc_row row_type=»row» use_row_as_full_screen_section=»no» type=»full_width» text_align=»left» background_animation=»none» css_animation=»»][vc_column][vc_video link=»https://www.youtube.com/watch?v=ASYS74i_xX0&#8243; css=»»][vc_empty_space height=»30&#8243;][vc_column_text css=»»] Segundas jornadas de performance realizadas en el Recinto Ferial des Mercadal el marzo del 2022. Taller práctico de performance o&#8230;</p>
