{"id":1414,"date":"2022-01-06T18:55:57","date_gmt":"2022-01-06T18:55:57","guid":{"rendered":"https:\/\/casadartistes.esfarcultural.net\/?page_id=1414"},"modified":"2022-03-08T11:40:19","modified_gmt":"2022-03-08T11:40:19","slug":"febrer2022","status":"publish","type":"page","link":"https:\/\/casadartistes.esfarcultural.net\/es\/febrer2022","title":{"rendered":"OPEN CALL \u00b7 FEBRERO 2022"},"content":{"rendered":"<div class=\"wpb-content-wrapper\"><p>[vc_row row_type=\u00bbrow\u00bb use_row_as_full_screen_section=\u00bbno\u00bb type=\u00bbfull_width\u00bb text_align=\u00bbleft\u00bb background_animation=\u00bbnone\u00bb css_animation=\u00bb\u00bb][vc_column][vc_column_text css=\u00bb.vc_custom_1641495681132{border-top-width: 30px !important;}\u00bb]<\/p>\n<h3>OPEN CALL \u00b7 FEBRERO 2022<\/h3>\n<p>[\/vc_column_text][vc_empty_space][vc_single_image image=\u00bb1425&#8243; img_size=\u00bblarge\u00bb alignment=\u00bbcenter\u00bb qode_css_animation=\u00bb\u00bb][vc_empty_space][vc_column_text]<strong>Bases\u00a0<\/strong><\/p>\n<p>La convocatoria se dirige a trabajadores o trabajadoras culturales (artistas, agentes culturales, investigadores, etc.) que necesiten un tiempo y un espacio para dedicarlo a su proceso de investigaci\u00f3n y\/o creaci\u00f3n, ya sea en proyectos en proceso o de nueva creaci\u00f3n.<\/p>\n<p>&nbsp;<\/p>\n<p>Se prev\u00e9 la selecci\u00f3n de 2 trabajadores\/as culturales para realizar una <span style=\"color: #993300;\">estancia en la Casa de Artistas (Es Mercadal) en las fechas del 8 al 21 de febrero de 2022*.<\/span><\/p>\n<p>&nbsp;<\/p>\n<p><strong>\u00bfQu\u00e9 se ofrece?<\/strong><\/p>\n<ul>\n<li>1 beca completa. Estancia gratuita valorada en 300 \u20ac.<\/li>\n<li>1 beca al 50% del valor de la estancia (150\u20ac).<\/li>\n<\/ul>\n<p>&nbsp;<\/p>\n<p>Ambas becas incluyen:<\/p>\n<ul>\n<li>Alojamiento: habitaci\u00f3n particular totalmente equipada. Ba\u00f1o, cocina, sala de estar, biblioteca y terrazas compartidas. Wifi.<\/li>\n<li>Espacio de trabajo: talleres polivalentes equipados con herramientas b\u00e1sicas. Espacio de coworking y zonas de trabajo en el entorno de la casa.<\/li>\n<li>Recoger a las personas residentes en el pueblo de Es Mercadal el d\u00eda de su llegada.<\/li>\n<li>Difusi\u00f3n a trav\u00e9s de la web y redes sociales.<\/li>\n<li>La organizaci\u00f3n de un Taller Abierto al p\u00fablico para difundir el trabajo desarrollado, en coordinaci\u00f3n con los residentes.<\/li>\n<\/ul>\n<p>&nbsp;<\/p>\n<p><strong>\u00bfC\u00f3mo participar?<\/strong><\/p>\n<p>Debe rellenar el formulario y adjuntar un dossier en un solo documento pdf. Puede estar escrito en catal\u00e1n, castellano o ingl\u00e9s. El \u00edndice del documento ser\u00e1 el siguiente:<\/p>\n<ul>\n<li>Breve carta de motivaci\u00f3n en la que se introduce el trabajo que se quiere desarrollar.<\/li>\n<li>Biograf\u00eda \/ statement (declaraci\u00f3n de intenciones).<\/li>\n<li>Muestra del trabajo reciente. Si es posible, links a web y\/o redes sociales.<\/li>\n<li>CV art\u00edstico.<\/li>\n<\/ul>\n<p>&nbsp;<\/p>\n<p><strong><span style=\"color: #993300;\">Plazo de presentaci\u00f3n:<\/span><\/strong> hasta el 17 de enero<br \/>\n<strong>Resoluci\u00f3n:<\/strong> entre el 21 y el 24 de enero<br \/>\n<strong>Estancia:<\/strong> del 8 al 21 de febrero 2022<\/p>\n<p>&nbsp;<\/p>\n<p><strong>Aceptaci\u00f3n de las bases<\/strong><\/p>\n<p>Una vez notificada la resoluci\u00f3n,<span style=\"color: #993300;\"> las personas escogidas tendr\u00e1n 3 d\u00edas para aceptar o rechazar la beca de estancia<\/span>. Al aceptarla, se comprometen a:<\/p>\n<ul>\n<li>Aceptar los t\u00e9rminos de la convocatoria.<\/li>\n<li>Asegurar su participaci\u00f3n durante las fechas previstas (*no aplazable).<\/li>\n<li>Estar disponible para realizar un Taller Abierto* al final de la residencia. La fecha ser\u00e1 acordada entre el artista y la organizaci\u00f3n.<\/li>\n<\/ul>\n<p><em>*El Taller Abierto es una actividad abierta al p\u00fablico general para conocer a los y las residentes de la Casa de Artistas y el proyecto que est\u00e1 desarrollado. La actividad puede tener diferentes formatos y duraciones, en funci\u00f3n de la disponibilidad del artista y\/o de la organizaci\u00f3n: visita al taller para ver c\u00f3mo el artista trabaja, exposici\u00f3n ef\u00edmera, conversaci\u00f3n con el artista, acciones performativas, taller participativo, etc.<\/em><\/p>\n<ul>\n<li>Autorizar el uso de la documentaci\u00f3n visual con fines divulgativos y como archivo de la Casa de Artistas.<\/li>\n<li>Los desplazamientos, dietas y gastos de producci\u00f3n de obra son responsabilidad de las artistas.<\/li>\n<\/ul>\n<p>[\/vc_column_text][vc_empty_space][vc_empty_space]<a href=\"https:\/\/forms.gle\/qgLDFhk1ySNXGe9S6\" target=\"_blank\"  class=\"qbutton \" style=\"\">FORMULARIO FEBRERO 22<\/a>[vc_empty_space][\/vc_column][\/vc_row][vc_row row_type=\u00bbrow\u00bb use_row_as_full_screen_section=\u00bbno\u00bb type=\u00bbfull_width\u00bb text_align=\u00bbleft\u00bb background_animation=\u00bbnone\u00bb css_animation=\u00bb\u00bb][vc_column][vc_separator type=\u00bbnormal\u00bb border_style=\u00bb\u00bb color=\u00bb#dd3333&#8243;][\/vc_column][\/vc_row]<\/p>\n<\/div>","protected":false},"excerpt":{"rendered":"<p>[vc_row row_type=\u00bbrow\u00bb use_row_as_full_screen_section=\u00bbno\u00bb type=\u00bbfull_width\u00bb text_align=\u00bbleft\u00bb background_animation=\u00bbnone\u00bb css_animation=\u00bb\u00bb][vc_column][vc_column_text css=\u00bb.vc_custom_1641495681132{border-top-width: 30px !important;}\u00bb] OPEN CALL \u00b7 FEBRERO 2022 [\/vc_column_text][vc_empty_space][vc_single_image image=\u00bb1425&#8243; img_size=\u00bblarge\u00bb alignment=\u00bbcenter\u00bb qode_css_animation=\u00bb\u00bb][vc_empty_space][vc_column_text]Bases\u00a0 La convocatoria se dirige a trabajadores o trabajadoras culturales (artistas, agentes culturales, investigadores, etc.) que necesiten un tiempo y un espacio para dedicarlo a su&#8230;<\/p>\n","protected":false},"author":1,"featured_media":0,"parent":0,"menu_order":0,"comment_status":"closed","ping_status":"closed","template":"","meta":{"footnotes":""},"class_list":["post-1414","page","type-page","status-publish","hentry"],"_links":{"self":[{"href":"https:\/\/casadartistes.esfarcultural.net\/es\/wp-json\/wp\/v2\/pages\/1414","targetHints":{"allow":["GET"]}}],"collection":[{"href":"https:\/\/casadartistes.esfarcultural.net\/es\/wp-json\/wp\/v2\/pages"}],"about":[{"href":"https:\/\/casadartistes.esfarcultural.net\/es\/wp-json\/wp\/v2\/types\/page"}],"author":[{"embeddable":true,"href":"https:\/\/casadartistes.esfarcultural.net\/es\/wp-json\/wp\/v2\/users\/1"}],"replies":[{"embeddable":true,"href":"https:\/\/casadartistes.esfarcultural.net\/es\/wp-json\/wp\/v2\/comments?post=1414"}],"version-history":[{"count":15,"href":"https:\/\/casadartistes.esfarcultural.net\/es\/wp-json\/wp\/v2\/pages\/1414\/revisions"}],"predecessor-version":[{"id":1426,"href":"https:\/\/casadartistes.esfarcultural.net\/es\/wp-json\/wp\/v2\/pages\/1414\/revisions\/1426"}],"wp:attachment":[{"href":"https:\/\/casadartistes.esfarcultural.net\/es\/wp-json\/wp\/v2\/media?parent=1414"}],"curies":[{"name":"wp","href":"https:\/\/api.w.org\/{rel}","templated":true}]}}

<div class="wpb-content-wrapper"><p>[vc_row row_type=»row» use_row_as_full_screen_section=»no» type=»full_width» text_align=»left» background_animation=»none» css_animation=»»][vc_column][vc_column_text css=».vc_custom_1641495681132{border-top-width: 30px !important;}»]</p>
<h3>OPEN CALL · FEBRERO 2022</h3>
<p>[/vc_column_text][vc_empty_space][vc_single_image image=»1425&#8243; img_size=»large» alignment=»center» qode_css_animation=»»][vc_empty_space][vc_column_text]<strong>Bases </strong></p>
<p>La convocatoria se dirige a trabajadores o trabajadoras culturales (artistas, agentes culturales, investigadores, etc.) que necesiten un tiempo y un espacio para dedicarlo a su proceso de investigación y/o creación, ya sea en proyectos en proceso o de nueva creación.</p>
<p>&nbsp;</p>
<p>Se prevé la selección de 2 trabajadores/as culturales para realizar una <span style="color: #993300;">estancia en la Casa de Artistas (Es Mercadal) en las fechas del 8 al 21 de febrero de 2022*.</span></p>
<p>&nbsp;</p>
<p><strong>¿Qué se ofrece?</strong></p>
<ul>
<li>1 beca completa. Estancia gratuita valorada en 300 €.</li>
<li>1 beca al 50% del valor de la estancia (150€).</li>
</ul>
<p>&nbsp;</p>
<p>Ambas becas incluyen:</p>
<ul>
<li>Alojamiento: habitación particular totalmente equipada. Baño, cocina, sala de estar, biblioteca y terrazas compartidas. Wifi.</li>
<li>Espacio de trabajo: talleres polivalentes equipados con herramientas básicas. Espacio de coworking y zonas de trabajo en el entorno de la casa.</li>
<li>Recoger a las personas residentes en el pueblo de Es Mercadal el día de su llegada.</li>
<li>Difusión a través de la web y redes sociales.</li>
<li>La organización de un Taller Abierto al público para difundir el trabajo desarrollado, en coordinación con los residentes.</li>
</ul>
<p>&nbsp;</p>
<p><strong>¿Cómo participar?</strong></p>
<p>Debe rellenar el formulario y adjuntar un dossier en un solo documento pdf. Puede estar escrito en catalán, castellano o inglés. El índice del documento será el siguiente:</p>
<ul>
<li>Breve carta de motivación en la que se introduce el trabajo que se quiere desarrollar.</li>
<li>Biografía / statement (declaración de intenciones).</li>
<li>Muestra del trabajo reciente. Si es posible, links a web y/o redes sociales.</li>
<li>CV artístico.</li>
</ul>
<p>&nbsp;</p>
<p><strong><span style="color: #993300;">Plazo de presentación:</span></strong> hasta el 17 de enero<br />
<strong>Resolución:</strong> entre el 21 y el 24 de enero<br />
<strong>Estancia:</strong> del 8 al 21 de febrero 2022</p>
<p>&nbsp;</p>
<p><strong>Aceptación de las bases</strong></p>
<p>Una vez notificada la resolución,<span style="color: #993300;"> las personas escogidas tendrán 3 días para aceptar o rechazar la beca de estancia</span>. Al aceptarla, se comprometen a:</p>
<ul>
<li>Aceptar los términos de la convocatoria.</li>
<li>Asegurar su participación durante las fechas previstas (*no aplazable).</li>
<li>Estar disponible para realizar un Taller Abierto* al final de la residencia. La fecha será acordada entre el artista y la organización.</li>
</ul>
<p><em>*El Taller Abierto es una actividad abierta al público general para conocer a los y las residentes de la Casa de Artistas y el proyecto que está desarrollado. La actividad puede tener diferentes formatos y duraciones, en función de la disponibilidad del artista y/o de la organización: visita al taller para ver cómo el artista trabaja, exposición efímera, conversación con el artista, acciones performativas, taller participativo, etc.</em></p>
<ul>
<li>Autorizar el uso de la documentación visual con fines divulgativos y como archivo de la Casa de Artistas.</li>
<li>Los desplazamientos, dietas y gastos de producción de obra son responsabilidad de las artistas.</li>
</ul>
<p>[/vc_column_text][vc_empty_space][vc_empty_space]<a href="https://forms.gle/qgLDFhk1ySNXGe9S6" target="_blank"  class="qbutton " style="">FORMULARIO FEBRERO 22</a>[vc_empty_space][/vc_column][/vc_row][vc_row row_type=»row» use_row_as_full_screen_section=»no» type=»full_width» text_align=»left» background_animation=»none» css_animation=»»][vc_column][vc_separator type=»normal» border_style=»» color=»#dd3333&#8243;][/vc_column][/vc_row]</p>
</div>
