{"id":183,"date":"2020-11-22T21:04:24","date_gmt":"2020-11-22T21:04:24","guid":{"rendered":"https:\/\/casadartistes.esfarcultural.net\/?page_id=183"},"modified":"2025-05-05T09:37:02","modified_gmt":"2025-05-05T09:37:02","slug":"jornades-de-perfomance","status":"publish","type":"page","link":"https:\/\/casadartistes.esfarcultural.net\/en\/jornades-de-perfomance","title":{"rendered":"I JORNADES DE PERFORMANCE"},"content":{"rendered":"<div class=\"wpb-content-wrapper\"><p>[vc_row row_type=&#8221;row&#8221; use_row_as_full_screen_section=&#8221;no&#8221; type=&#8221;full_width&#8221; text_align=&#8221;left&#8221; background_animation=&#8221;none&#8221; css_animation=&#8221;&#8221;][vc_column][vc_empty_space height=&#8221;20px&#8221;][vc_column_text css=&#8221;&#8221;]<\/p>\n<h2 style=\"text-align: center;\"><strong>I JORNADES DE PERFORMANCE<br \/>\n<\/strong><\/h2>\n<p>[\/vc_column_text][vc_empty_space height=&#8221;30&#8243;][\/vc_column][\/vc_row][vc_row row_type=&#8221;row&#8221; use_row_as_full_screen_section=&#8221;no&#8221; type=&#8221;full_width&#8221; text_align=&#8221;left&#8221; background_animation=&#8221;none&#8221; css_animation=&#8221;&#8221;][vc_column][vc_video link=&#8221;https:\/\/www.youtube.com\/watch?v=UvZ4cCjn5SY&#8221; css=&#8221;&#8221;][vc_empty_space height=&#8221;30&#8243;][vc_column_text css=&#8221;&#8221;]<\/p>\n<p style=\"text-align: justify;\">Conferences held at the Casa d\u2019Artistes de Montpalau (Es Mercadal, Menorca) in September 2019. Designed, coordinated and promoted by Marina E.G. with the technical support of Cristian P. Coll and Es Far Cultural. Aina Velasco (social educator), Clara Barcel\u00f3 (master), Diego G. (artist), Kaori Ishihara (sound therapist), Marta Rosell Chust (artist and educator) and Vict\u00f2ria Garc\u00eda Masdeu (artist and gestalt therapist) participated in the conference.<\/p>\n<p>[\/vc_column_text][\/vc_column][\/vc_row][vc_row row_type=&#8221;row&#8221; use_row_as_full_screen_section=&#8221;no&#8221; type=&#8221;full_width&#8221; text_align=&#8221;left&#8221; background_animation=&#8221;none&#8221; css_animation=&#8221;&#8221;][vc_column][vc_empty_space][vc_separator type=&#8221;normal&#8221; border_style=&#8221;&#8221;][vc_empty_space][\/vc_column][\/vc_row]<\/p>\n<\/div>","protected":false},"excerpt":{"rendered":"<p>[vc_row row_type=&#8221;row&#8221; use_row_as_full_screen_section=&#8221;no&#8221; type=&#8221;full_width&#8221; text_align=&#8221;left&#8221; background_animation=&#8221;none&#8221; css_animation=&#8221;&#8221;][vc_column][vc_empty_space height=&#8221;20px&#8221;][vc_column_text css=&#8221;&#8221;] I JORNADES DE PERFORMANCE [\/vc_column_text][vc_empty_space height=&#8221;30&#8243;][\/vc_column][\/vc_row][vc_row row_type=&#8221;row&#8221; use_row_as_full_screen_section=&#8221;no&#8221; type=&#8221;full_width&#8221; text_align=&#8221;left&#8221; background_animation=&#8221;none&#8221; css_animation=&#8221;&#8221;][vc_column][vc_video link=&#8221;https:\/\/www.youtube.com\/watch?v=UvZ4cCjn5SY&#8221; css=&#8221;&#8221;][vc_empty_space height=&#8221;30&#8243;][vc_column_text css=&#8221;&#8221;] Conferences held at the Casa d\u2019Artistes de Montpalau (Es Mercadal, Menorca) in September 2019. Designed, coordinated and promoted by Marina&#8230;<\/p>\n","protected":false},"author":1,"featured_media":0,"parent":0,"menu_order":0,"comment_status":"closed","ping_status":"closed","template":"","meta":{"footnotes":""},"class_list":["post-183","page","type-page","status-publish","hentry"],"_links":{"self":[{"href":"https:\/\/casadartistes.esfarcultural.net\/en\/wp-json\/wp\/v2\/pages\/183","targetHints":{"allow":["GET"]}}],"collection":[{"href":"https:\/\/casadartistes.esfarcultural.net\/en\/wp-json\/wp\/v2\/pages"}],"about":[{"href":"https:\/\/casadartistes.esfarcultural.net\/en\/wp-json\/wp\/v2\/types\/page"}],"author":[{"embeddable":true,"href":"https:\/\/casadartistes.esfarcultural.net\/en\/wp-json\/wp\/v2\/users\/1"}],"replies":[{"embeddable":true,"href":"https:\/\/casadartistes.esfarcultural.net\/en\/wp-json\/wp\/v2\/comments?post=183"}],"version-history":[{"count":32,"href":"https:\/\/casadartistes.esfarcultural.net\/en\/wp-json\/wp\/v2\/pages\/183\/revisions"}],"predecessor-version":[{"id":3509,"href":"https:\/\/casadartistes.esfarcultural.net\/en\/wp-json\/wp\/v2\/pages\/183\/revisions\/3509"}],"wp:attachment":[{"href":"https:\/\/casadartistes.esfarcultural.net\/en\/wp-json\/wp\/v2\/media?parent=183"}],"curies":[{"name":"wp","href":"https:\/\/api.w.org\/{rel}","templated":true}]}}

<div class="wpb-content-wrapper"><p>[vc_row row_type=&#8221;row&#8221; use_row_as_full_screen_section=&#8221;no&#8221; type=&#8221;full_width&#8221; text_align=&#8221;left&#8221; background_animation=&#8221;none&#8221; css_animation=&#8221;&#8221;][vc_column][vc_empty_space height=&#8221;20px&#8221;][vc_column_text css=&#8221;&#8221;]</p>
<h2 style="text-align: center;"><strong>I JORNADES DE PERFORMANCE<br />
</strong></h2>
<p>[/vc_column_text][vc_empty_space height=&#8221;30&#8243;][/vc_column][/vc_row][vc_row row_type=&#8221;row&#8221; use_row_as_full_screen_section=&#8221;no&#8221; type=&#8221;full_width&#8221; text_align=&#8221;left&#8221; background_animation=&#8221;none&#8221; css_animation=&#8221;&#8221;][vc_column][vc_video link=&#8221;https://www.youtube.com/watch?v=UvZ4cCjn5SY&#8221; css=&#8221;&#8221;][vc_empty_space height=&#8221;30&#8243;][vc_column_text css=&#8221;&#8221;]</p>
<p style="text-align: justify;">Conferences held at the Casa d’Artistes de Montpalau (Es Mercadal, Menorca) in September 2019. Designed, coordinated and promoted by Marina E.G. with the technical support of Cristian P. Coll and Es Far Cultural. Aina Velasco (social educator), Clara Barceló (master), Diego G. (artist), Kaori Ishihara (sound therapist), Marta Rosell Chust (artist and educator) and Victòria García Masdeu (artist and gestalt therapist) participated in the conference.</p>
<p>[/vc_column_text][/vc_column][/vc_row][vc_row row_type=&#8221;row&#8221; use_row_as_full_screen_section=&#8221;no&#8221; type=&#8221;full_width&#8221; text_align=&#8221;left&#8221; background_animation=&#8221;none&#8221; css_animation=&#8221;&#8221;][vc_column][vc_empty_space][vc_separator type=&#8221;normal&#8221; border_style=&#8221;&#8221;][vc_empty_space][/vc_column][/vc_row]</p>
</div>
